{"id":238,"date":"2024-05-30T18:19:22","date_gmt":"2024-05-30T16:19:22","guid":{"rendered":"https:\/\/wp09.pm-infra.de\/?page_id=238"},"modified":"2025-06-20T17:20:36","modified_gmt":"2025-06-20T15:20:36","slug":"datenschutz","status":"publish","type":"page","link":"https:\/\/wp09.pm-infra.de\/?page_id=238","title":{"rendered":"Datenschutz"},"content":{"rendered":"<p>[et_pb_section fb_built=&#8220;1&#8243; _builder_version=&#8220;4.25.1&#8243; _module_preset=&#8220;default&#8220; custom_padding=&#8220;100px||104px|||&#8220; global_colors_info=&#8220;{}&#8220;][et_pb_row _builder_version=&#8220;4.25.1&#8243; _module_preset=&#8220;default&#8220; custom_padding=&#8220;27px|||||&#8220; global_colors_info=&#8220;{}&#8220;][et_pb_column type=&#8220;4_4&#8243; _builder_version=&#8220;4.25.1&#8243; _module_preset=&#8220;default&#8220; global_colors_info=&#8220;{}&#8220;][et_pb_text _builder_version=&#8220;4.25.1&#8243; _module_preset=&#8220;default&#8220; header_font=&#8220;Roboto Light Version||||||||&#8220; header_2_font=&#8220;Roboto Light Version||||||||&#8220; header_2_font_size=&#8220;29px&#8220; global_colors_info=&#8220;{}&#8220;]<\/p>\n<h1>Datenschutz<\/h1>\n<p>[\/et_pb_text][et_pb_divider color=&#8220;#a07300&#8243; divider_position=&#8220;center&#8220; divider_weight=&#8220;2px&#8220; disabled_on=&#8220;off|off|off%22&#8243; admin_label=&#8220;Divider&#8220; _builder_version=&#8220;4.25.1&#8243; max_width=&#8220;150px&#8220; height=&#8220;false&#8220; custom_margin=&#8220;30px|||&#8220; animation_style=&#8220;slide&#8220; animation_direction=&#8220;top&#8220; animation_delay=&#8220;100ms&#8220; animation_intensity_slide=&#8220;10%&#8220; locked=&#8220;off&#8220; global_colors_info=&#8220;{}&#8220;][\/et_pb_divider][et_pb_text _builder_version=&#8220;4.25.1&#8243; _module_preset=&#8220;default&#8220; text_font=&#8220;Lato||||||||&#8220; text_letter_spacing=&#8220;1px&#8220; text_line_height=&#8220;1.9em&#8220; global_colors_info=&#8220;{}&#8220;]<\/p>\n<p>Stand Mai 2024<\/p>\n<p>Diese Website wird von Viktor Philippi betrieben. Der Schutz Ihrer personenbezogenen Daten ist uns sehr wichtig. In dieser Erkl\u00e4rung finden Sie Informationen \u00fcber den Umgang mit Ihren personenbezogenen Daten.<\/p>\n<p>1. Name und Kontaktdaten des Verantwortlichen<\/p>\n<p>Verantwortlich f\u00fcr die Verarbeitung von personenbezogenen Daten auf dieser Website ist:<\/p>\n<p>Viktor Philippi<br \/>Sohlander Str. 2<br \/>02689 Sohland a.d. Spree<br \/>E-Mail: <a href=\"mailto:info@veranstaltungen-philippimethode.de\">info@veranstaltungen-philippimethode.de<\/a><\/p>\n<p>2. Umfang der Datenverarbeitung<\/p>\n<p>Wir verarbeiten personenbezogene Daten nur, soweit dies gesetzlich zul\u00e4ssig ist. Diese erl\u00e4utern wir Ihnen im Folgenden.<\/p>\n<p>a) Technisch bedingte Datenverarbeitung auf der Internetseite<\/p>\n<p>Bei jedem Websitebesuch verarbeiten wir automatisch folgende Daten, die Ihr Browser an unseren Server \u00fcbermittelt:<\/p>\n<ul>\n<li>Typ und Version des verwendeten Browsers<\/li>\n<li>Verwendetes Betriebssystem<\/li>\n<li>URL der angefragten Website<\/li>\n<li>Datum und Uhrzeit des Websiteaufrufs<\/li>\n<li>IP-Adresse<\/li>\n<\/ul>\n<p>Wir haben keine M\u00f6glichkeit, diese Daten Ihrer Person zuzuordnen und f\u00fchren diese Daten auch nicht mit anderen Datenquellen zusammen. Rechtsgrundlage f\u00fcr die Datenverarbeitung ist Art. 6 Abs. 1 S. 1 lit. f) DS-GVO. Unsere berechtigten Interessen sind Ihnen unsere Produkte im Rahmen unserer Online-Pr\u00e4senz anzubieten sowie eine Verbesserung der Stabilit\u00e4t, Funktionalit\u00e4t und Sicherheit unserer Website. Die Datenverarbeitung ist zudem technisch erforderlich, um die Website im Browser anzeigen zu k\u00f6nnen. Oben genannte Daten werden nach Ablauf von 7 Tagen gel\u00f6scht, wenn keine dar\u00fcberhinausgehende gesetzliche Aufbewahrungspflicht existiert.<\/p>\n<p>Eine gesonderte Datenauswertung dieser beim Websitebesuch protokollierten Daten wird nur erfolgen, soweit eine gesetzliche oder gerichtliche Pflicht besteht oder soweit dies f\u00fcr die straf-\/zivilrechtliche Verfolgung von Angriffen auf die Website und deren Infrastruktur erforderlich ist.<\/p>\n<p>b) Umfang zur Vertragsdurchf\u00fchrung<\/p>\n<p>Im Rahmen der Vertragsdurchf\u00fchrung verarbeiten wir personenbezogene Daten, die Sie uns im Rahmen einer Registrierung, der Bestellung von Produkten und Dienstleistungen oder bei Anfragen zur Verf\u00fcgung stellen.<\/p>\n<p>Zur Vertragsdurchf\u00fchrung geben wir personenbezogene Daten an Dienstleistungspartner, wie etwa Zahlungsdienstleister (u.a. Banken, Paypal, Amazon Pay, Kreditkartenunternehmen) und Versanddienstleister (u.a. DHL, DPD, Hermes, Speditionen) weiter, soweit dies zur Erf\u00fcllung Ihres Vertrages erforderlich ist. Die \u00fcbermittelten Daten d\u00fcrfen vom Empf\u00e4nger nur zur Erf\u00fcllung seiner Aufgabe verwendet werden. Eine dar\u00fcber hinausgehende Nutzung ist nicht gestattet.<\/p>\n<p>Rechtsgrundlage f\u00fcr die Datenverarbeitung ist Art. 6 Abs. 1 S. 1 lit. b) DS-GVO sowie zur Erf\u00fcllung gesetzlicher Informations- und Aufbewahrungspflichten Art. 6 Abs. 1 lit. c) DS-GVO.<br \/>Nach vollst\u00e4ndiger Vertragsabwicklung werden ihre Daten unter Ber\u00fccksichtigung der gesetzlichen Aufbewahrungspflichten gel\u00f6scht, sofern Sie in eine weitere Verwendung nicht ausdr\u00fccklich eingewilligt haben. Wenn keine dar\u00fcberhinausgehende Aufbewahrungspflicht existiert oder die Speicherung zur Erhaltung von Beweismitteln im Rahmen der Verj\u00e4hrungsvorschriften notwendig ist.<\/p>\n<p>c) Newsletter Service<\/p>\n<p>Wenn Sie den Newsletter abonnieren, verarbeiten wir die Daten, die Sie in die Eingabemaske eingeben (z.B. Nachname, Vorname, E-Mail-Adresse). Wir planen den Newsletter im Intervall von zwei Wochen zu versenden und informieren Sie mit diesem zu aktuellen Ereignissen und attraktiven Angeboten von<\/p>\n<ul>\n<li>Viktor Philippi Stiftung Gesundheit<\/li>\n<li>Verlag Philippi<\/li>\n<li>Forschungs- und Lehrakademie f\u00fcr Bioenergetik und Bioinformatik<\/li>\n<li>Europ\u00e4ischer Berufs- und Fachverband f\u00fcr Biosens e.V. (EBB e. V.)<\/li>\n<li>Stressabbau Akademie<\/li>\n<li>Internationale \u00c4rztegesellschaft f\u00fcr Bioinformationstherapie e. V.<\/li>\n<li>Seelenwellness GmbH oder<\/li>\n<li>BEP Bio Energie Philippi<\/li>\n<\/ul>\n<p>sofern Sie sich zu dem entsprechenden Newsletter angemeldet haben.<\/p>\n<p>Sie m\u00fcssen Ihre Anmeldung zum Newsletter und Ihre Einwilligung zur Aufnahme in den Newsletter-Verteiler best\u00e4tigen. Hierf\u00fcr erhalten Sie nach der Anmeldung eine E-Mail mit einem Best\u00e4tigungslink. Dies dient dazu, um sicher zu stellen, dass es sich um Ihre E-Mail-Adresse handelt. Die Best\u00e4tigung der Anmeldung sollte m\u00f6glichst zeitnah erfolgen, sonst wird die Mail-Adresse gel\u00f6scht. Erst nach dem Klick auf den Best\u00e4tigungslink werden Sie im Newsletter-Verteiler aufgenommen.<\/p>\n<p>Zur Optimierung unseres Angebots werten wir au\u00dferdem \u00fcber empf\u00e4ngerbezogene Daten aus, ob der Newsletter ge\u00f6ffnet wurde.<\/p>\n<p>Das Abonnement des Newsletters ist nur mit Ihrer Einwilligung m\u00f6glich. Rechtsgrundlage f\u00fcr die Verarbeitung ist Art. 6 Abs. 1 lit. a) DSGVO.<\/p>\n<p>Sie k\u00f6nnen einen Newsletter \u00fcber den Link am Ende des Newsletters oder durch eine E-Mail an uns jederzeit wieder abbestellen.<\/p>\n<p>3. Datenweitergabe<\/p>\n<p>Wir geben Ihre Daten nicht an Dritte weiter, au\u00dfer zur Erreichung der in diesen Datenschutzhinweisen aufgef\u00fchrten Zwecke, hierzu geh\u00f6rt insbesondere die Weitergabe an Vertragspartner, wie z. B. Hoster, Versandunternehmen.<\/p>\n<p>4. Links zu anderen Websites<\/p>\n<p>Die Website enth\u00e4lt Verlinkungen zu Websites anderer Anbieter (Dritter). Beim Anklicken gelangt der Websitebesucher auf die Website des Dritten. Dort ist allein der Dritte (dortiger Websitebetreiber) f\u00fcr die Datenverarbeitung verantwortlich. Genauere Informationen zur dortigen Datenverarbeitung sind der Datenschutzerkl\u00e4rung des jeweiligen Anbieters zu entnehmen. Wir \u00fcbernehmen hierf\u00fcr keine Verantwortung.<\/p>\n<p>5. Datensicherheit<\/p>\n<p>Wir haben technische und organisatorische Sicherheitsvorkehrungen eingerichtet, um Daten der Websitebesucher zu sch\u00fctzen, insbesondere gegen Verlust, Manipulation oder unberechtigten Zugriff. Wir passen unsere Sicherheitsvorkehrungen regelm\u00e4\u00dfig der fortlaufenden technischen Entwicklung an.<\/p>\n<p>6. Rechte der betroffenen Person<\/p>\n<p>Ihnen stehen als betroffene Person grunds\u00e4tzlich folgende Rechte aus der DSGVO zur Verf\u00fcgung:<\/p>\n<ul>\n<li>Auskunftsrecht nach Art. 15 DSGVO: Sie haben ein Recht auf Auskunft \u00fcber Ihre von uns verarbeiteten personenbezogenen Daten;<\/li>\n<li>Recht auf Berichtigung nach Art. 16 DSGVO: Sie haben ein Recht auf Berichtigung Sie betreffender unrichtiger Daten oder Vervollst\u00e4ndigung Ihrer bei uns gespeicherten unvollst\u00e4ndigen Daten;<\/li>\n<li>Recht auf L\u00f6schung nach Art. 17 DSGVO: Sie haben das Recht, die L\u00f6schung Ihrer personenbezogenen Daten bei Vorliegen der Voraussetzungen des Art. 17 DSGVO zu verlangen. Es gelten insbesondere die Ausnahmen nach \u00a7 35 BDSG;<\/li>\n<li>Recht auf Einschr\u00e4nkung der Verarbeitung nach Art. 18 DSGVO: Sie haben das Recht, die Einschr\u00e4nkung der Verarbeitung Ihrer personenbezogenen Daten bei Vorliegen der Voraussetzungen des Art. 18 DSGVO zu verlangen;<\/li>\n<li>Recht auf Daten\u00fcbertragbarkeit nach Art. 20 DSGVO: Sie haben das Recht, bei Vorliegen der Voraussetzungen des Art. 20 DSGVO Ihre personenbezogenen Daten in einem strukturierten, g\u00e4ngigen und maschinenlesbaren Format zu erhalten oder die \u00dcbermittlung an einen anderen Verantwortlichen zu verlangen;<\/li>\n<li>Recht auf Widerruf erteilter Einwilligungen nach Art. 7 Abs. 3 DSGVO: Sie haben das Recht, eine einmal erteilte Einwilligung in die Verarbeitung von Daten jederzeit mit Wirkung f\u00fcr die Zukunft zu widerrufen, ohne dass die Rechtm\u00e4\u00dfigkeit der aufgrund der Einwilligung bis zum Widerruf erfolgten Verarbeitung ber\u00fchrt wird;<\/li>\n<li>Recht auf Beschwerde nach Art. 77 DSGVO: Wenn Sie der Ansicht sind, dass die Verarbeitung der Sie betreffenden personenbezogenen Daten gegen die DSGVO verst\u00f6\u00dft, haben Sie das Recht auf Beschwerde bei einer Aufsichtsbeh\u00f6rde. Eine Liste der deutschen und europ\u00e4ischen Datenschutzbeauftragten sowie deren Kontaktdaten k\u00f6nnen folgendem Link entnommen werden: <a href=\"https:\/\/www.bfdi.bund.de\/DE\/Infothek\/Anschriften_Links\/anschriften_links-node.html\">https:\/\/www.bfdi.bund.de\/DE\/Infothek\/Anschriften_Links\/anschriften_links-node.html<\/a><\/li>\n<\/ul>\n<p>7. Widerspruchsrecht<\/p>\n<p>Sie haben das Recht, aus Gr\u00fcnden, die sich aus ihrer besonderen Situation ergeben, jederzeit im Rahmen der Voraussetzungen des Art. 21 DS-GVO gegen die Verarbeitung Sie betreffender personenbezogener Daten Widerspruch einzulegen.<\/p>\n<p>Werden Ihre personenbezogenen Daten von uns verarbeitet, um Direktwerbung zu betreiben, haben Sie das Recht, jederzeit Widerspruch gegen die Verarbeitung zum Zwecke derartiger Werbung einzulegen.<\/p>\n<p>8. \u00c4nderungen<\/p>\n<p>Die rechtlichen und tats\u00e4chlichen Rahmenbedingungen unterliegen \u00c4nderungen und Anpassungen. Daher ist es von Zeit zu Zeit erforderlich, diese Datenschutzhinweise zu aktualisieren. Der jeweilige Stand ist an der zweiten Zeile der \u00dcberschrift erkennbar.<\/p>\n<p>[\/et_pb_text][\/et_pb_column][\/et_pb_row][\/et_pb_section][et_pb_section fb_built=&#8220;1&#8243; _builder_version=&#8220;4.27.4&#8243; _module_preset=&#8220;default&#8220; background_image=&#8220;https:\/\/wp09.pm-infra.de\/wp-content\/uploads\/2024\/12\/shutterstock_4947089202-1.jpg&#8220; custom_padding=&#8220;79px||411px|||&#8220; hover_enabled=&#8220;0&#8243; global_colors_info=&#8220;{}&#8220; title_text=&#8220;shutterstock_4947089202 (1)&#8220; sticky_enabled=&#8220;0&#8243;][et_pb_row _builder_version=&#8220;4.25.1&#8243; _module_preset=&#8220;default&#8220; global_colors_info=&#8220;{}&#8220;][et_pb_column type=&#8220;4_4&#8243; _builder_version=&#8220;4.25.1&#8243; _module_preset=&#8220;default&#8220; global_colors_info=&#8220;{}&#8220;][et_pb_text _builder_version=&#8220;4.27.0&#8243; _module_preset=&#8220;default&#8220; header_2_font=&#8220;Roboto Light Version||||||||&#8220; header_2_text_color=&#8220;#565656&#8243; header_2_font_size=&#8220;29px&#8220; custom_margin=&#8220;|20px||20px|false|false&#8220; global_colors_info=&#8220;{}&#8220;]<\/p>\n<h2 style=\"text-align: center;\">Wir freuen uns auf Sie!<\/h2>\n<p>[\/et_pb_text][et_pb_divider color=&#8220;#a07300&#8243; divider_position=&#8220;center&#8220; divider_weight=&#8220;2px&#8220; disabled_on=&#8220;off|off|off%22&#8243; admin_label=&#8220;Divider&#8220; _builder_version=&#8220;4.27.0&#8243; max_width=&#8220;150px&#8220; module_alignment=&#8220;center&#8220; height=&#8220;false&#8220; custom_margin=&#8220;30px|20px||20px|false|false&#8220; animation_style=&#8220;slide&#8220; animation_direction=&#8220;top&#8220; animation_delay=&#8220;100ms&#8220; animation_intensity_slide=&#8220;10%&#8220; locked=&#8220;off&#8220; global_colors_info=&#8220;{}&#8220;][\/et_pb_divider][et_pb_text _builder_version=&#8220;4.27.0&#8243; _module_preset=&#8220;default&#8220; text_font=&#8220;Lato||||||||&#8220; text_text_color=&#8220;#565656&#8243; text_letter_spacing=&#8220;1px&#8220; text_line_height=&#8220;1.8em&#8220; custom_margin=&#8220;|20px||20px|false|false&#8220; global_colors_info=&#8220;{}&#8220;]<\/p>\n<p style=\"text-align: center;\">Forum Gesundheit Bruneck<\/p>\n<p style=\"text-align: center;\">Johann Georg Mahl Stra\u00dfe 28<br \/>39031 Bruneck<\/p>\n<p>[\/et_pb_text][\/et_pb_column][\/et_pb_row][\/et_pb_section]<\/p>\n","protected":false},"excerpt":{"rendered":"<p>DatenschutzStand Mai 2024 Diese Website wird von Viktor Philippi betrieben. Der Schutz Ihrer personenbezogenen Daten ist uns sehr wichtig. In dieser Erkl\u00e4rung finden Sie Informationen \u00fcber den Umgang mit Ihren personenbezogenen Daten. 1. Name und Kontaktdaten des Verantwortlichen Verantwortlich f\u00fcr die Verarbeitung von personenbezogenen Daten auf dieser Website ist: Viktor PhilippiSohlander Str. 202689 Sohland a.d. [&hellip;]<\/p>\n","protected":false},"author":2,"featured_media":0,"parent":0,"menu_order":0,"comment_status":"closed","ping_status":"closed","template":"","meta":{"_et_pb_use_builder":"on","_et_pb_old_content":"","_et_gb_content_width":"","iawp_total_views":5,"footnotes":""},"class_list":["post-238","page","type-page","status-publish","hentry"],"yoast_head":"<!-- This site is optimized with the Yoast SEO plugin v27.3 - https:\/\/yoast.com\/product\/yoast-seo-wordpress\/ -->\n<title>Datenschutz - Seelenwellness GmbH Italien<\/title>\n<meta name=\"robots\" content=\"noindex, follow, max-snippet:-1, max-image-preview:large, max-video-preview:-1\" \/>\n<meta property=\"og:locale\" content=\"de_DE\" \/>\n<meta property=\"og:type\" content=\"article\" \/>\n<meta property=\"og:title\" content=\"Datenschutz - Seelenwellness GmbH Italien\" \/>\n<meta property=\"og:description\" content=\"DatenschutzStand Mai 2024 Diese Website wird von Viktor Philippi betrieben. Der Schutz Ihrer personenbezogenen Daten ist uns sehr wichtig. In dieser Erkl\u00e4rung finden Sie Informationen \u00fcber den Umgang mit Ihren personenbezogenen Daten. 1. Name und Kontaktdaten des Verantwortlichen Verantwortlich f\u00fcr die Verarbeitung von personenbezogenen Daten auf dieser Website ist: Viktor PhilippiSohlander Str. 202689 Sohland a.d. [&hellip;]\" \/>\n<meta property=\"og:url\" content=\"https:\/\/wp09.pm-infra.de\/?page_id=238\" \/>\n<meta property=\"og:site_name\" content=\"Seelenwellness GmbH Italien\" \/>\n<meta property=\"article:modified_time\" content=\"2025-06-20T15:20:36+00:00\" \/>\n<meta name=\"twitter:card\" content=\"summary_large_image\" \/>\n<meta name=\"twitter:label1\" content=\"Gesch\u00e4tzte Lesezeit\" \/>\n\t<meta name=\"twitter:data1\" content=\"7\u00a0Minuten\" \/>\n<script type=\"application\/ld+json\" class=\"yoast-schema-graph\">{\"@context\":\"https:\\\/\\\/schema.org\",\"@graph\":[{\"@type\":\"WebPage\",\"@id\":\"https:\\\/\\\/wp09.pm-infra.de\\\/?page_id=238\",\"url\":\"https:\\\/\\\/wp09.pm-infra.de\\\/?page_id=238\",\"name\":\"Datenschutz - Seelenwellness GmbH Italien\",\"isPartOf\":{\"@id\":\"https:\\\/\\\/wp09.pm-infra.de\\\/#website\"},\"datePublished\":\"2024-05-30T16:19:22+00:00\",\"dateModified\":\"2025-06-20T15:20:36+00:00\",\"breadcrumb\":{\"@id\":\"https:\\\/\\\/wp09.pm-infra.de\\\/?page_id=238#breadcrumb\"},\"inLanguage\":\"de\",\"potentialAction\":[{\"@type\":\"ReadAction\",\"target\":[\"https:\\\/\\\/wp09.pm-infra.de\\\/?page_id=238\"]}]},{\"@type\":\"BreadcrumbList\",\"@id\":\"https:\\\/\\\/wp09.pm-infra.de\\\/?page_id=238#breadcrumb\",\"itemListElement\":[{\"@type\":\"ListItem\",\"position\":1,\"name\":\"Startseite\",\"item\":\"https:\\\/\\\/wp09.pm-infra.de\\\/\"},{\"@type\":\"ListItem\",\"position\":2,\"name\":\"Datenschutz\"}]},{\"@type\":\"WebSite\",\"@id\":\"https:\\\/\\\/wp09.pm-infra.de\\\/#website\",\"url\":\"https:\\\/\\\/wp09.pm-infra.de\\\/\",\"name\":\"Seelenwellness GmbH Italien\",\"description\":\"\",\"potentialAction\":[{\"@type\":\"SearchAction\",\"target\":{\"@type\":\"EntryPoint\",\"urlTemplate\":\"https:\\\/\\\/wp09.pm-infra.de\\\/?s={search_term_string}\"},\"query-input\":{\"@type\":\"PropertyValueSpecification\",\"valueRequired\":true,\"valueName\":\"search_term_string\"}}],\"inLanguage\":\"de\"}]}<\/script>\n<!-- \/ Yoast SEO plugin. -->","yoast_head_json":{"title":"Datenschutz - Seelenwellness GmbH Italien","robots":{"index":"noindex","follow":"follow","max-snippet":"max-snippet:-1","max-image-preview":"max-image-preview:large","max-video-preview":"max-video-preview:-1"},"og_locale":"de_DE","og_type":"article","og_title":"Datenschutz - Seelenwellness GmbH Italien","og_description":"DatenschutzStand Mai 2024 Diese Website wird von Viktor Philippi betrieben. Der Schutz Ihrer personenbezogenen Daten ist uns sehr wichtig. In dieser Erkl\u00e4rung finden Sie Informationen \u00fcber den Umgang mit Ihren personenbezogenen Daten. 1. Name und Kontaktdaten des Verantwortlichen Verantwortlich f\u00fcr die Verarbeitung von personenbezogenen Daten auf dieser Website ist: Viktor PhilippiSohlander Str. 202689 Sohland a.d. [&hellip;]","og_url":"https:\/\/wp09.pm-infra.de\/?page_id=238","og_site_name":"Seelenwellness GmbH Italien","article_modified_time":"2025-06-20T15:20:36+00:00","twitter_card":"summary_large_image","twitter_misc":{"Gesch\u00e4tzte Lesezeit":"7\u00a0Minuten"},"schema":{"@context":"https:\/\/schema.org","@graph":[{"@type":"WebPage","@id":"https:\/\/wp09.pm-infra.de\/?page_id=238","url":"https:\/\/wp09.pm-infra.de\/?page_id=238","name":"Datenschutz - Seelenwellness GmbH Italien","isPartOf":{"@id":"https:\/\/wp09.pm-infra.de\/#website"},"datePublished":"2024-05-30T16:19:22+00:00","dateModified":"2025-06-20T15:20:36+00:00","breadcrumb":{"@id":"https:\/\/wp09.pm-infra.de\/?page_id=238#breadcrumb"},"inLanguage":"de","potentialAction":[{"@type":"ReadAction","target":["https:\/\/wp09.pm-infra.de\/?page_id=238"]}]},{"@type":"BreadcrumbList","@id":"https:\/\/wp09.pm-infra.de\/?page_id=238#breadcrumb","itemListElement":[{"@type":"ListItem","position":1,"name":"Startseite","item":"https:\/\/wp09.pm-infra.de\/"},{"@type":"ListItem","position":2,"name":"Datenschutz"}]},{"@type":"WebSite","@id":"https:\/\/wp09.pm-infra.de\/#website","url":"https:\/\/wp09.pm-infra.de\/","name":"Seelenwellness GmbH Italien","description":"","potentialAction":[{"@type":"SearchAction","target":{"@type":"EntryPoint","urlTemplate":"https:\/\/wp09.pm-infra.de\/?s={search_term_string}"},"query-input":{"@type":"PropertyValueSpecification","valueRequired":true,"valueName":"search_term_string"}}],"inLanguage":"de"}]}},"_links":{"self":[{"href":"https:\/\/wp09.pm-infra.de\/index.php?rest_route=\/wp\/v2\/pages\/238","targetHints":{"allow":["GET"]}}],"collection":[{"href":"https:\/\/wp09.pm-infra.de\/index.php?rest_route=\/wp\/v2\/pages"}],"about":[{"href":"https:\/\/wp09.pm-infra.de\/index.php?rest_route=\/wp\/v2\/types\/page"}],"author":[{"embeddable":true,"href":"https:\/\/wp09.pm-infra.de\/index.php?rest_route=\/wp\/v2\/users\/2"}],"replies":[{"embeddable":true,"href":"https:\/\/wp09.pm-infra.de\/index.php?rest_route=%2Fwp%2Fv2%2Fcomments&post=238"}],"version-history":[{"count":10,"href":"https:\/\/wp09.pm-infra.de\/index.php?rest_route=\/wp\/v2\/pages\/238\/revisions"}],"predecessor-version":[{"id":441,"href":"https:\/\/wp09.pm-infra.de\/index.php?rest_route=\/wp\/v2\/pages\/238\/revisions\/441"}],"wp:attachment":[{"href":"https:\/\/wp09.pm-infra.de\/index.php?rest_route=%2Fwp%2Fv2%2Fmedia&parent=238"}],"curies":[{"name":"wp","href":"https:\/\/api.w.org\/{rel}","templated":true}]}}